
17
Let q = 5 - 1. Let k(l) = -2*l + l + q + 2*l. Let m = 14 - 17. Determine k(m).
1
Let d(o) = 5*o + 4. Let f(y) = -y - 1. Let q(g) = -d(g) - 4*f(g). Let a = 290 + -294. Give q(a).
4
Suppose -3*a - 14 + 2 = 0, -2*m + 40 = -5*a. Let d = m + -5. Let u(f) = 3*f - 3*f + 3 + f**2 - 4*f. Give u(d).
8
Let b(u) = 2 - 7*u + 4*u + 2*u. Suppose -t = -3*t + 4. Let n be (-4 - t) + 1 + 0. Determine b(n).
7
Suppose 4*u - u + 18 = 0. Let i(a) = -5*a**2 - a + 4. Let w(v) = 11*v**2 + v - 7. Let m(c) = 9*i(c) + 4*w(c). Calculate m(u).
2
Let m(s) = -s. Let n be (-3)/((-3)/(-2)*-1). Suppose 5*u - r - 17 = -4*r, 14 = n*u + 3*r. What is m(u)?
-1
Suppose f = -9 + 11. Let n(z) = 3*z**2. Determine n(f).
12
Let s = 5 + 3. Let i = s - 11. Let l(p) = -5*p - 7. Let j(z) = -11*z - 15. Let o(d) = -4*j(d) + 9*l(d). What is o(i)?
0
Let c(h) = -h**2 + 8*h - 11. Let y be c(4). Let s(q) = -1 - 3*q + 2 + 3. Determine s(y).
-11
Let s(q) = q**2 + 3*q. Suppose r - 5*l = -12, 5*r = -l - 0 - 8. Calculate s(r).
-2
Let b(h) be the third derivative of 1/12*h**4 + 0 - 6*h**2 + 0*h - 1/3*h**3. Determine b(3).
4
Let n(x) = x**2 + 9*x + 8. Let c be n(-6). Suppose 3*l - 7 - 5 = 0. Let o be (-4)/c + l/(-10). Let y(i) = i**3 + i**2 + i + 9. What is y(o)?
9
Let i(a) be the second derivative of a**5/20 + a**4/3 - a**3/6 - a**2/2 + 22*a. Give i(-4).
3
Let k(y) = y. Let m(f) = f**2 + 7*f + 7. Let u(o) = -k(o) - m(o). Calculate u(-7).
0
Let z(f) be the second derivative of -f**3/3 - f**2/2 + 3*f. Let l be z(2). Let q(t) = t**3 + 4*t**2 - 5*t - 2. Determine q(l).
-2
Let r(u) = -u**2 + 2. Suppose 0 = b + b. Determine r(b).
2
Let t be 2/((20/6)/5). Let o(q) be the first derivative of -2 + 1/4*q**4 + 2*q - q**3 + 1/2*q**2. Determine o(t).
5
Let g(p) = -14*p**2 + p - 3. Let n(d) = 28*d**2 - 2*d + 7. Let f(s) = 9*g(s) + 4*n(s). What is f(-1)?
-14
Let x(l) = -l - 1. Let j = 11 - 7. Let s be x(j). Let q(g) = -g**2 - 7*g - 3. Calculate q(s).
7
Let m(t) = -t**3 - 13*t**2 + 13*t - 19. Suppose -3*h = -j + 1, 5*h = 2*j + 4 - 1. Calculate m(j).
-5
Let v = 182 + -182. Let m(i) = -i**3 + 18. Determine m(v).
18
Suppose 0 = -3*g + j, -4*j - j = 0. Let c(a) be the second derivative of -a**5/20 - a**4/12 - 5*a**2/2 + 3*a. Determine c(g).
-5
Let n(z) = z**2 + 3*z**3 - 4*z**3 + z + 0*z**2 + 0*z**2 + 4. What is n(3)?
-11
Let v(h) = -5*h + 1. Suppose -3*d + 2*d + 36 = 0. Suppose d = -5*a + 6. Let n be 2/(a/(-3) - 4). Give v(n).
6
Let d = 37 + -7. Let z be 162/d - (-4)/(-10). Let y(o) = 4*o - 5. Calculate y(z).
15
Suppose -100 = 19*s + 6*s. Let w(y) = 7 + 7*y - 1 + 2*y**2 + 0. What is w(s)?
10
Let n(u) be the second derivative of u**8/6720 + u**7/1260 + u**6/360 + u**5/60 - u**4/12 + 3*u. Let c(b) be the third derivative of n(b). Determine c(-2).
-2
Let q(l) be the second derivative of l**3 - 2*l**2 + l. Let k(u) = 11*u - 7. Let r(g) = -3*k(g) + 5*q(g). Let a be ((-4)/(-6))/((-1)/3). Calculate r(a).
7
Let d(z) be the third derivative of 0 - z**2 + 0*z + 1/24*z**4 - 1/2*z**3. Let s be (-36)/(-10) + 2/5. Determine d(s).
1
Suppose 5*v - 2*v = -21. Let r(c) = -c**2 - 7*c - 9. Give r(v).
-9
Suppose -9*z = -6*z + 4*m - 3, 0 = 5*z - m - 5. Let i(g) = -11*g + 1. Determine i(z).
-10
Let u(b) = -b**2 + b + 2. Suppose -2*c = -7*c + 25. Let z = -5 + c. Suppose 6*n - 4*g = 3*n - 12, z = -3*n + 5*g - 15. What is u(n)?
2
Let j(p) be the second derivative of -4*p**2 + 0 - 5*p - 1/20*p**5 - 7/12*p**4 - 7/6*p**3. Give j(-6).
-2
Suppose 3 = 3*o - 9. Suppose 3 = -5*w + o*w. Let i(n) = n**3 + 3*n**2 - n + 4. Give i(w).
7
Let i = 31 - 15. Suppose -2*u = -4*b + 2, 6*b + 3 = 4*b - 3*u. Suppose b = 6*g - 2*g - i. Let f(w) = w**3 - 3*w**2 - 3*w + 5. Calculate f(g).
9
Let c(h) be the third derivative of -h**5/60 - h**4/6 + 2*h**3/3 - 2*h**2. Let l(j) = 2*j + 4. Let w be l(-4). Give c(w).
4
Let h(l) be the first derivative of l**4/4 + l**3 + l**2 + 2*l + 5. Let j(w) = w**2 - 6*w + 5. Let t = 12 - 8. Let p be j(t). Determine h(p).
-4
Let m(g) = g**3 + 3*g**2 - 3*g - 1. Suppose 3*v = 4*j + 28, 0 = -3*v + 5*v - 8. Calculate m(j).
-5
Let z(n) = -4*n**2 + 12*n + 6. Let b(d) = -2*d**2 + 6*d + 3. Let s(o) = -9*b(o) + 4*z(o). Let w(f) be the first derivative of s(f). What is w(4)?
10
Let p(z) = 3 - 4*z + 3*z - 2. Let d be p(-2). Let q(l) be the second derivative of l**4/12 - 5*l**3/6 + l**2 + 2*l. Give q(d).
-4
Suppose -a - w - 9 = 0, -a + w - 11 = 2*a. Let d(m) = 2*m**2 + 2*m + 6. Let o(c) = -3*c**2 - 3*c - 13. Let u(b) = a*d(b) - 3*o(b). Determine u(0).
9
Let p(j) = -j**3 - 8*j**2 - 6*j - 5. Suppose 0 = -4*y + 4*n - 16, -5*n + n - 47 = 5*y. What is p(y)?
-12
Let c(x) = -2*x - 2. Let k be 9/(-2)*(-72)/27. Suppose k + 8 = 2*s. Suppose 4*n + s = 2. Give c(n).
2
Let d(i) = 2*i - 1. Let z(a) = -a + 1. Let b(l) = d(l) + z(l). Calculate b(7).
7
Let n = 4 - 4. Let v = n + 1. Let y(m) = -6*m**2 + 1. What is y(v)?
-5
Let b(a) = -2*a**2 + 4*a - 4. Suppose -24 = -5*k - 9. Calculate b(k).
-10
Let g(s) be the second derivative of 1/720*s**6 + 0 + 0*s**2 - 1/120*s**5 - 2*s - 1/12*s**4 + 0*s**3. Let o(d) be the third derivative of g(d). Give o(-2).
-3
Let s(j) be the first derivative of -j**2/2 + 2*j + 3. Let q = 3 + 0. Determine s(q).
-1
Let v(i) = -i**2 - 3*i - 2. Let w(o) = 2*o + 1. Let q(r) = -4*v(r) - 7*w(r). What is q(1)?
3
Let x(i) = 19 + 37 + i**2 - 76 + 13*i. Calculate x(-14).
-6
Let n(d) = 7 - 3*d + 14*d + 0*d**2 - 9*d**2 + 0*d**2. Let x(k) = -5*k**2 + 6*k + 4. Let a(b) = -4*n(b) + 7*x(b). Let c be 4/(-22) + (-24)/(-11). What is a(c)?
0
Suppose -j = -0*j. Let a(l) = -l + 8. Let x be a(5). Let k(r) = -r + r**2 + x*r**3 + 1 + 2 - 4*r**3. What is k(j)?
3
Let i(x) = -x**2. Let n be (0/(12/(-4)))/2. Calculate i(n).
0
Let q(m) = 2*m + 1. Suppose 3*l = -2*r + 3, 0*r - 2*r - 3 = -3*l. Suppose r*o - 3*o + 15 = 0. Suppose -o*w = -20, 3*a - 7 = w + 1. Give q(a).
9
Suppose x = -18 + 20. Suppose 0 = 5*n + 5, 0*n + 2 = -g - x*n. Let q(w) = -w**3 - w**2 + 7. What is q(g)?
7
Let w = 98 - 95. Let o(m) = 2*m + 4. Let j(u) = -4*u - 9. Let q(g) = -3*j(g) - 7*o(g). Calculate q(w).
-7
Let q(m) be the second derivative of -m**5/20 + m**4/4 + m**3/6 - m**2 + 7*m. Give q(3).
1
Let b(a) be the third derivative of a**4/6 + 7*a**3/6 - a**2. Suppose 5*w + 3*s - 4*s = -26, 3*w + 2 = 4*s. What is b(w)?
-17
Let g(k) be the second derivative of -k**3/6 + 4*k**2 + 33*k. Determine g(5).
3
Let a(y) = y**2 + 4*y - 1. Let f = 21 - 24. Determine a(f).
-4
Suppose -2*j - 1 = 5. Let b(o) = 11*o + 1. Let z(i) = -10*i - 1. Let p(l) = -5*b(l) - 6*z(l). Let n(h) = -26*h - 6. Let m(k) = -2*n(k) - 11*p(k). What is m(j)?
10
Let o be -2*(2 + 2/4). Let t(p) = -6*p**3 + p**2 + 4*p - 1. Let c(j) = j**2 + j**3 + 1 + 0*j**2 - 2*j**2. Let k(n) = -5*c(n) - t(n). Determine k(o).
-9
Let u(a) be the third derivative of -a**4/12 - a**3/6 - a**2. Suppose 5*n + 8 = -d, n - 2*d = -8 + 2. What is u(n)?
3
Let j(x) = 0 + 0*x + 3*x - 2*x - 1. Let s(n) = -n**3 + 7*n**2 - 5*n - 3. Let k(a) = 6*a**2 + a - 1. Let v be k(1). Let l be s(v). What is j(l)?
2
Let m(n) = n**2 + 7*n + 6. Let o = 10 + -15. What is m(o)?
-4
Let v = 9 - 6. Suppose -2*r = r - v. Let i be 2 + r + 2 + -1. Let x(u) = -u**3 + 3*u**2 + 4*u + 4. Determine x(i).
4
Let b(l) = l + 4. Let c be 2/(-8) + 74/8. Let j be (3/c)/((-3)/(-27)). Give b(j).
7
Let b(n) = -n**2 - 4*n + 1. Let m(w) = -2*w**2 - 7*w + 2. Let l(h) = 5*b(h) - 3*m(h). Give l(-3).
5
Let i(b) be the first derivative of -b**3/3 + 3*b**2 + 1. Let q be i(6). Let k(g) = 4*g + 0 - g**2 - 6 + q. Calculate k(4).
-6
Let y(k) = -11*k - 13 + 14*k - 4*k. Calculate y(-8).
-5
Let n(u) = -u**3 - 2*u**2 - 2*u + 2. Let k be n(-3). Suppose -5*j = k + 8. Let t(v) = -v**3 - 6*v**2 - 5*v + 3. Calculate t(j).
3
Let p be (2 + -12)*24/(-15). Let b(o) = 17*o**2 + 0*o + 9*o**3 - o - p*o**2. What is b(1)?
9
Suppose n = -2*n + 6. Let t(v) = 4*v**3 - v**2 + 0*v**2 + v**3 + v - n*v. Calculate t(-1).
-5
Let y(x) = x - 2. Suppose 6*n + 12 = 9*n. What is y(n)?
2
Let c(i) be the second derivative of i**3/6 + 3*i**2 + 3*i. Let k be (4/12)/(1/9). Let o be 2 - ((k - 2) + 5). What is c(o)?
2
Let i(n) = 3*n + 3. Suppose -12 = -4*g - 2*l, 3*l + 2*l = 0. What is i(g)?
12
Let s(v) = 2*v - 6. Let j = 11 + -7. Suppose -5*h - 12 + 35 = -3*l, 4*h = j*l + 20. Calculate s(h).
2
Let x = -41 + 39. Let h(d) = 3*d - 7. Let c(v) = -5*v + 13. Let w(z) = 